ase 14, what is -766 - -111?
-655
In base 12, what is -11868 + -3?
-1186b
In base 2, what is 1 + 1100011100000?
1100011100001
In base 16, what is 0 - d3e?
-d3e
In base 10, what is -82 + 1337?
1255
In base 6, what is -1134034 - -22?
-1134012
In base 13, what is 1680 + 39?
16b9
In base 14, what is 43 - -3bc?
421
In base 16, what is 68d221 + -4?
68d21d
In base 13, what is -2 + 1a935?
1a933
In base 7, what is 40 + -336455?
-336415
In base 8, what is 34 - -26476?
26532
In base 11, what is -165682 - -3?
-16567a
In base 8, what is -23 + 271102?
271057
In base 12, what is -28710 - -24?
-286a8
In base 4, what is 1122313212 - 22?
1122313130
In base 6, what is -3 - -320402?
320355
In base 7, what is 4 + -1053565?
-1053561
In base 16, what is 248 + 79e?
9e6
In base 7, what is 4 - -2601066?
2601103
In base 16, what is 3 - -c193?
c196
In base 9, what is 24034 + -1?
24033
In base 4, what is -2 + -1032113230?
-1032113232
In base 6, what is 120 - 1222?
-1102
In base 2, what is 11 + 101110100110110?
101110100111001
In base 5, what is -4133134 - -10?
-4133124
In base 7, what is -1165 + -331?
-1526
In base 14, what is -ad34 + 1b?
-ad17
In base 4, what is -30302 + 101023?
10121
In base 13, what is -7 + -5ba9?
-5bb3
In base 13, what is 86b866 - 2?
86b864
In base 6, what is 333213 + -10?
333203
In base 6, what is -52352 + 34?
-52314
In base 8, what is -5746634 - 6?
-5746642
In base 4, what is 211 - -3113?
3330
In base 9, what is 3 - 254287?
-254284
In base 6, what is 1030 + 313334?
314404
In base 7, what is 10016 - 153?
6533
In base 8, what is -1 + 237337?
237336
In base 7, what is 2 + -115432?
-115430
In base 7, what is 2 + -4662552?
-4662550
In base 7, what is -5 - 3145335?
-3145343
In base 5, what is -20434 - -144?
-20240
In base 13, what is -3633 - -21?
-3612
In base 10, what is -1696 - 47?
-1743
In base 2, what is -1001000110100101 + 1?
-1001000110100100
In base 7, what is -2 + 4324410?
4324405
In base 13, what is a7325 + 5?
a732a
In base 10, what is 45 - 102385?
-102340
In base 3, what is 1002012 + 12?
1002101
In base 8, what is 16545435 + 0?
16545435
In base 4, what is -13102 + -100232?
-120000
In base 16, what is 100d2 - 0?
100d2
In base 6, what is 3134 + -24500?
-21322
In base 6, what is 12 + -53504?
-53452
In base 3, what is -11011122 - -200011?
-10111111
In base 5, what is -42440 - 1?
-42441
In base 8, what is -37 + -175766?
-176025
In base 9, what is 326 - 1872?
-1545
In base 12, what is 149 + 1493?
1620
In base 13, what is 16 - 52a?
-514
In base 6, what is -2241 + -14551?
-21232
In base 9, what is 34616 - 2?
34614
In base 7, what is -2013 - 66?
-2112
In base 4, what is -221220 - 111?
-221331
In base 3, what is 1 - 200002100010?
-200002100002
In base 10, what is -577 - -72?
-505
In base 5, what is 343 - 20?
323
In base 10, what is -255 + -151?
-406
In base 11, what is -24 - a96?
-100a
In base 8, what is 4 + -154105?
-154101
In base 3, what is -1 - -210220202000?
210220201222
In base 15, what is -148 + 42?
-106
In base 12, what is -2 - -2a8a35?
2a8a33
In base 13, what is 21 - 3c9?
-3a8
In base 8, what is 410427 + -5?
410422
In base 10, what is -3029 - -106?
-2923
In base 5, what is -4 - -440410?
440401
In base 4, what is 11130 - -111333?
123123
In base 16, what is -31 + -fee?
-101f
In base 6, what is 3422 + -340?
3042
In base 16, what is -1b4 - 80?
-234
In base 4, what is 11 + -1212213?
-1212202
In base 6, what is -201003 - 3?
-201010
In base 12, what is 26 - -592?
5b8
In base 7, what is 0 - 1534012?
-1534012
In base 15, what is 27582c - -5?
275832
In base 9, what is -107328 + -1?
-107330
In base 14, what is 1d + -497?
-478
In base 9, what is -153 + 147?
-5
In base 14, what is -82356 - 3?
-82359
In base 8, what is -303 + 406?
103
In base 8, what is 4260 - 21?
4237
In base 14, what is 28a93 - 5?
28a8c
In base 16, what is -aa79a - -5?
-aa795
In base 8, what is 21701 - -2?
21703
In base 4, what is 1021 + 2320?
10001
In base 4, what is -10 + 2200112301?
2200112231
In base 15, what is -b0 + -60?
-120
In base 15, what is 28ce - -a?
28d9
In base 4, what is -2013210 + 1122?
-2012022
In base 8, what is -34705114 + -4?
-34705120
In base 2, what is -10100001101 + -1101?
-10100011010
In base 15, what is 6 + -1e5b0?
-1e5a9
In base 6, what is -3 + -44014?
-44021
In base 7, what is -1 - -1101012?
1101011
In base 3, what is -1001 - 12001120?
-12002121
In base 12, what is -1 + -13098a?
-13098b
In base 7, what is 160106 + -1?
160105
In base 5, what is -2 + 1304430?
1304423
In base 6, what is 1154241 - -2?
1154243
In base 3, what is 2100011211 - -22?
2100012010
In base 11, what is -a - -573?
564
In base 2, what is 101000100111110 - 11?
101000100111011
In base 5, what is 1 + 1422220?
1422221
In base 15, what is 1a - 1a71?
-1a56
In base 4, what is -13132 + -212332?
-232130
In base 8, what is 142 + 4337?
4501
In base 9, what is -4 - -2035878?
2035874
In base 16, what is -5 + f1af?
f1aa
In base 13, what is 9 + -18607?
-185cb
In base 2, what is 1101011101111111100 - -1?
1101011101111111101
In base 8, what is -22 - 1625?
-1647
In base 13, what is 35 - 161c?
-15b7
In base 2, what is -1111111 + 1110001111?
1100010000
In base 9, what is 13 - 14045?
-14032
In base 9, what is 1865 + 11?
1876
In base 11, what is -807 + -46?
-852
In base 4, what is -12222021 - -1003?
-12221012
In base 14, what is -36 - 406?
-43c
In base 16, what is 2 + -113?
-111
In base 10, what is -4 - -9754?
9750
In base 12, what is -57a1 - 2?
-57a3
In base 14, what is 3 - -5cb8?
5cbb
In base 12, what is 9 + 8746?
8753
In base 16, what is -4b + 32e?
2e3
In base 4, what is 113000 - -2020?
121020
In base 10, what is 2778063 + 0?
2778063
In base 4, what is -22131 + -2013?
-30210
In base 10, what is 982 - 61?
921
In base 15, what is 3b2c22 + -3?
3b2c1e
In base 9, what is -168773 + -3?
-168776
In base 6, what is -1223 - -24502?
23235
In base 13, what is 5b76 - 7?
5b6c
In base 11, what is -1aa76 + -23?
-1aa99
In base 15, what is 6 - 185e?
-1858
In base 11, what is 117299 - -4?
1172a2
In base 12, what is -5 - -53887?
53882
In base 5, what is 1421312 - 12?
1421300
In base 12, what is 1790 - 38?
1754
In base 12, what is 5 - -4137?
4140
In base 13, what is -128c + -263?
-1522
In base 10, what is 4 - -37648?
37652
In base 6, what is 0 - -201043?
201043
In base 5, what is 11242132 + -10?
11242122
In base 8, what is 247 + 172?
441
In base 3, what is -220121002011 - 12?
-220121002100
In base 13, what is -18a - -8?
-182
In base 11, what is -5 + -888a?
-8894
In base 14, what is 13 + -78b?
-778
In base 12, what is 5 + -7793?
-778a
In base 11, what is 64786 + 3?
64789
In base 4, what is 12003302 - 10?
12003232
In base 14, what is 2 - -227d?
2281
In base 3, what is 211201010 + 0?
211201010
In base 3, what is 11202110 + 2?
11202112
In base 15, what is -69158 + -2?
-6915a
In base 10, what is 20967 - 36?
20931
In base 10, what is -2331 - -74?
-2257
In base 11, what is -120a - 3?
-1212
In base 16, what is 5d5 - 3?
5d2
In base 8, what is 114233 - -2?
114235
In base 16, what is -6 + 46f6?
46f0
In base 5, what is -3201 + -1133?
-4334
In base 5, what is 20 - -2243012?
2243032
In base 13, what is -26 - -a341?
a318
In base 3, what is 11011001011 - 11?
11011001000
In base 16, what is 33af68 - -5?
33af6d
In base 9, what is -1 + -6264?
-6265
In base 13, what is -719 - -a?
-70c
In base 5, what is -24 - 202023?
-202102
In base 11, what is -217 + -2557?
-2773
In base 13, what is 45 + -731?
-6b9
In base 9, what is 32665 + -2?
32663
In base 6, what is -4 - -1024410?
1024402
In base 4, what is 0 + 1301023?
1301023
In base 11, what is 3266 + 13?
3279
In base 14, what is 8 - 64237?
-6422d
In base 8, what is -5 + 2255421?
2255414
In base 3, what is -20201 + -21120?
-112021
In base 14, what is 0 - 51b9?
-51b9
In base 15, what is 0 - -419c8?
419c8
In base 5, what is -2130003 - -2?
-2130001
In base 9, what is -2 - 7660?
-7662
In base 15, what is bb9d + 1e?
bbbc
In base 14, what is 2229 + -8?
2221
In base 12, what is -3 + -1103a0?
-1103a3
In base 2, what is -1110101000010111010 + 101?
-1110101000010110101
In base 10, what is -15195 - -7?
-15188
In base 8, what is -1 + 60653?
60652
In base 2, what is 1101011001111100 - 1?
1101011001111011
In base 7, what is -3246 + 443?
-2503
In base 3, what is 12 - -22010210200?
22010210212
In base 14, what is -3012 + 8c?
